r of 27432 and 108?
108
Calculate the greatest common divisor of 1 and 85.
1
Calculate the highest common divisor of 1127 and 23.
23
Calculate the greatest common factor of 36 and 52.
4
What is the greatest common factor of 23 and 621?
23
Calculate the highest common divisor of 693 and 99.
99
What is the greatest common divisor of 205 and 164?
41
What is the greatest common divisor of 77 and 1232?
77
Calculate the greatest common factor of 52 and 3822.
26
Calculate the greatest common divisor of 3100 and 1612.
124
What is the greatest common divisor of 4 and 727?
1
What is the highest common divisor of 31811 and 26?
13
Calculate the greatest common factor of 259 and 185.
37
Calculate the highest common divisor of 1391 and 13.
13
What is the highest common divisor of 551 and 29?
29
What is the highest common factor of 143 and 104?
13
Calculate the greatest common factor of 3318 and 210.
42
Calculate the highest common divisor of 98 and 266.
14
Calculate the greatest common divisor of 91 and 65.
13
Calculate the highest common factor of 14 and 58.
2
What is the highest common divisor of 1659 and 1869?
21
What is the greatest common divisor of 63 and 45?
9
What is the greatest common factor of 45 and 21870?
45
What is the highest common divisor of 4143 and 2?
1
What is the highest common factor of 303 and 9?
3
Calculate the greatest common divisor of 63 and 11718.
63
What is the greatest common factor of 84 and 224?
28
What is the highest common divisor of 100 and 6000?
100
What is the highest common divisor of 209 and 22?
11
What is the greatest common factor of 782 and 272?
34
What is the highest common divisor of 196 and 28?
28
What is the greatest common factor of 72 and 188?
4
What is the greatest common divisor of 40 and 3080?
40
Calculate the greatest common factor of 26 and 4212.
26
What is the highest common divisor of 45 and 99?
9
What is the highest common factor of 327 and 2725?
109
What is the greatest common factor of 567 and 2079?
189
Calculate the greatest common factor of 4750 and 114.
38
What is the greatest common divisor of 718 and 8?
2
What is the greatest common factor of 121 and 33?
11
Calculate the highest common factor of 108 and 12.
12
What is the highest common divisor of 66 and 77?
11
What is the highest common divisor of 480 and 12640?
160
Calculate the highest common divisor of 88 and 1254.
22
Calculate the greatest common divisor of 369 and 697.
41
What is the highest common divisor of 8786 and 46?
46
What is the highest common factor of 91 and 52?
13
What is the highest common factor of 4 and 4858?
2
What is the highest common factor of 8 and 344?
8
Calculate the highest common factor of 78 and 858.
78
What is the highest common factor of 19296 and 54?
18
What is the greatest common divisor of 819 and 2093?
91
Calculate the highest common divisor of 836 and 36.
4
Calculate the greatest common divisor of 402 and 9.
3
Calculate the greatest common divisor of 767 and 13.
13
Calculate the greatest common divisor of 378 and 216.
54
Calculate the greatest common factor of 40 and 6256.
8
Calculate the greatest common divisor of 483 and 63.
21
Calculate the highest common divisor of 66 and 22.
22
Calculate the highest common divisor of 176 and 24.
8
Calculate the greatest common factor of 737 and 33.
11
What is the highest common factor of 723 and 3?
3
What is the greatest common factor of 9 and 192?
3
What is the greatest common factor of 2946 and 30?
6
Calculate the greatest common factor of 529 and 391.
23
What is the greatest common factor of 46 and 299?
23
What is the greatest common divisor of 37 and 2?
1
What is the highest common divisor of 1518 and 1058?
46
What is the highest common factor of 1533 and 21?
21
Calculate the greatest common factor of 453 and 3.
3
Calculate the greatest common divisor of 6 and 2127.
3
What is the highest common divisor of 846 and 188?
94
What is the highest common factor of 400 and 64?
16
Calculate the highest common divisor of 266 and 114.
38
Calculate the greatest common divisor of 64 and 1168.
16
What is the greatest common factor of 2058 and 98?
98
What is the greatest common factor of 13391 and 14?
7
Calculate the highest common divisor of 23 and 621.
23
What is the highest common factor of 2338 and 14?
14
Calculate the highest common factor of 327 and 192.
3
Calculate the highest common factor of 130 and 2509.
13
What is the greatest common divisor of 24 and 84?
12
What is the highest common factor of 760 and 1440?
40
Calculate the highest common factor of 352 and 8580.
44
Calculate the highest common divisor of 123 and 2296.
41
What is the highest common divisor of 1680 and 175?
35
Calculate the greatest common divisor of 3262 and 182.
14
Calculate the highest common factor of 6 and 192.
6
What is the highest common divisor of 32 and 272?
16
What is the highest common divisor of 2 and 29?
1
What is the greatest common factor of 1147 and 31?
31
What is the greatest common factor of 10 and 215?
5
What is the highest common divisor of 106 and 10441?
53
Calculate the greatest common factor of 141 and 10481.
47
Calculate the greatest common divisor of 324 and 36.
36
Calculate the highest common divisor of 250 and 2200.
50
Calculate the greatest common factor of 65 and 442.
13
What is the greatest common divisor of 14 and 896?
14
Calculate the highest common divisor of 3193 and 103.
103
Calculate the greatest common divisor of 1560 and 546.
78
What is the highest common factor of 48 and 276?
12
Calculate the greatest common factor of 3690 and 990.
90
What is the greatest common factor of 231 and 429?
33
What is the greatest common divisor of 16 and 208?
16
What is the greatest common divisor of 35 and 45?
5
What is the highest common divisor of 464 and 29?
29
What is the highest common factor of 48691 and 23?
23
What is the greatest common divisor of 14 and 2674?
14
Calculate the greatest common divisor of 992 and 868.
124
Calculate the highest common factor of 4695 and 135.
15
Calculate the highest common factor of 92 and 6.
2
Calculate the greatest common divisor of 4650 and 150.
150
Calculate the highest common factor of 22 and 6754.
22
Calculate the highest common divisor of 28 and 378.
14
What is the highest common factor of 1634 and 172?
86
What is the highest common divisor of 68 and 55148?
68
What is the highest common divisor of 1107 and 243?
27
What is the greatest common factor of 40 and 44260?
20
Calculate the highest common factor of 462 and 264.
66
What is the highest common divisor of 117 and 507?
39
Calculate the greatest common divisor of 66 and 6.
6
What is the greatest common divisor of 54 and 924?
6
Calculate the highest common factor of 28 and 1316.
28
Calculate the highest common factor of 6083 and 158.
79
Calculate the greatest common divisor of 39 and 78.
39
What is the highest common factor of 28 and 182?
14
Calculate the greatest common divisor of 77 and 56.
7
Calculate the highest common factor of 1469 and 904.
113
What is the greatest common divisor of 2249 and 1903?
173
Calculate the highest common divisor of 264 and 308.
44
What is the highest common factor of 351 and 81?
27
What is the highest common factor of 540 and 288?
36
What is the highest common divisor of 341 and 11?
11
What is the highest common divisor of 38 and 361?
19
Calculate the highest common factor of 225 and 1425.
75
What is the greatest common divisor of 216 and 540?
108
What is the highest common factor of 25 and 190?
5
Calculate the greatest common factor of 19652 and 17.
17
What is the highest common divisor of 188 and 4?
4
Calculate the greatest common factor of 42 and 48.
6
Calculate the greatest common divisor of 270 and 370.
10
What is the highest common divisor of 1072 and 32?
16
What is the greatest common factor of 9 and 6?
3
Calculate the highest common divisor of 64 and 20.
4
Calculate the greatest common divisor of 41 and 1.
1
Calculate the greatest common factor of 12685 and 1290.
215
Calculate the highest common divisor of 1 and 208.
1
What is the greatest common divisor of 32 and 39?
1
Calculate the highest common divisor of 999 and 148.
37
What is the greatest common divisor of 99 and 1914?
33
What is the highest common divisor of 38 and 589?
19
What is the high